{"id":21941,"date":"2022-02-21T00:00:00","date_gmt":"2022-02-21T00:00:00","guid":{"rendered":"https:\/\/lightenjin.pt\/?post_type=product&#038;p=21941"},"modified":"2024-11-22T15:53:20","modified_gmt":"2024-11-22T15:53:20","slug":"luna-o","status":"publish","type":"product","link":"https:\/\/lightenjin.pt\/es\/producto\/luna-o\/","title":{"rendered":"LUNA O"},"content":{"rendered":"<ul>\n<li>Iluminaci\u00f3n decorativa;<\/li>\n<li>Aplicaci\u00f3n suspendida;<\/li>\n<li>Perfil de aluminio;<\/li>\n<li>Difusor opal;<\/li>\n<li>Vida \u00fatil (&gt;50.000 h);<\/li>\n<li>Diferentes temperaturas de color disponibles;<\/li>\n<li>\u00cdndice de reproducci\u00f3n crom\u00e1tica (Ra&gt;80);<\/li>\n<\/ul>\n<hr \/>\n<h4>DOWNLOADS<\/h4>\n<ul>\n<li>FICHA T\u00c9CNICA\u00a0: <a href=\"https:\/\/lightenjin.pt\/pdfs\/ft\/ft-luna-o-es.pdf\" target=\"_blank\" rel=\"noopener\">link<\/a><\/li>\n<li>INSTRUCCIONES DE MONTAJE :\u00a0 <a href=\"https:\/\/lightenjin.pt\/pdfs\/im\/im-luna-o.pdf\" target=\"_blank\" rel=\"noopener\">link<\/a><\/li>\n<li>DECLARACI\u00d3N DE CONFORMIDAD :\u00a0 <a href=\"https:\/\/lightenjin.pt\/pdfs\/dc\/dc-luna.pdf\" target=\"_blank\" rel=\"noopener\">link<\/a><\/li>\n<\/ul>\n","protected":false},"excerpt":{"rendered":"<p><strong>LUNA O<\/strong> es una luminaria suspendida de perfil circular. Una luminaria vers\u00e1til en cuanto a di\u00e1metros disponibles. Incorpora un motor de luz con una elevada eficacia luminosa global de entre 106 y 131 lm\/W.<\/p>\n<p>Con LEDs de alto \u00edndice de reproducci\u00f3n crom\u00e1tica (Ra&gt;80) y larga vida \u00fatil (&gt;50.000h), con diferentes temperaturas de color disponibles.<\/p>\n","protected":false},"featured_media":19920,"template":"","meta":{"iawp_total_views":1},"product_brand":[],"product_cat":[635,731],"product_tag":[639,941,677],"class_list":{"0":"post-21941","1":"product","2":"type-product","3":"status-publish","4":"has-post-thumbnail","6":"product_cat-gama-euluce-es","7":"product_cat-suspendida","8":"product_tag-comercio-es","9":"product_tag-suspendido","10":"product_tag-techos-altos","11":"pa_acabamento-blanco","12":"pa_aplicacao-suspendido","13":"pa_area-de-aplicacao-comercio-es","15":"first","16":"instock","17":"shipping-taxable","18":"product-type-simple"},"_links":{"self":[{"href":"https:\/\/lightenjin.pt\/es\/wp-json\/wp\/v2\/product\/21941","targetHints":{"allow":["GET"]}}],"collection":[{"href":"https:\/\/lightenjin.pt\/es\/wp-json\/wp\/v2\/product"}],"about":[{"href":"https:\/\/lightenjin.pt\/es\/wp-json\/wp\/v2\/types\/product"}],"version-history":[{"count":2,"href":"https:\/\/lightenjin.pt\/es\/wp-json\/wp\/v2\/product\/21941\/revisions"}],"predecessor-version":[{"id":21943,"href":"https:\/\/lightenjin.pt\/es\/wp-json\/wp\/v2\/product\/21941\/revisions\/21943"}],"wp:featuredmedia":[{"embeddable":true,"href":"https:\/\/lightenjin.pt\/es\/wp-json\/wp\/v2\/media\/19920"}],"wp:attachment":[{"href":"https:\/\/lightenjin.pt\/es\/wp-json\/wp\/v2\/media?parent=21941"}],"wp:term":[{"taxonomy":"product_brand","embeddable":true,"href":"https:\/\/lightenjin.pt\/es\/wp-json\/wp\/v2\/product_brand?post=21941"},{"taxonomy":"product_cat","embeddable":true,"href":"https:\/\/lightenjin.pt\/es\/wp-json\/wp\/v2\/product_cat?post=21941"},{"taxonomy":"product_tag","embeddable":true,"href":"https:\/\/lightenjin.pt\/es\/wp-json\/wp\/v2\/product_tag?post=21941"}],"curies":[{"name":"wp","href":"https:\/\/api.w.org\/{rel}","templated":true}]}}

<ul>
<li>Iluminación decorativa;</li>
<li>Aplicación suspendida;</li>
<li>Perfil de aluminio;</li>
<li>Difusor opal;</li>
<li>Vida útil (&gt;50.000 h);</li>
<li>Diferentes temperaturas de color disponibles;</li>
<li>Índice de reproducción cromática (Ra&gt;80);</li>
</ul>
<hr />
<h4>DOWNLOADS</h4>
<ul>
<li>FICHA TÉCNICA : <a href="https://lightenjin.pt/pdfs/ft/ft-luna-o-es.pdf" target="_blank" rel="noopener">link</a></li>
<li>INSTRUCCIONES DE MONTAJE :  <a href="https://lightenjin.pt/pdfs/im/im-luna-o.pdf" target="_blank" rel="noopener">link</a></li>
<li>DECLARACIÓN DE CONFORMIDAD :  <a href="https://lightenjin.pt/pdfs/dc/dc-luna.pdf" target="_blank" rel="noopener">link</a></li>
</ul>

<p><strong>LUNA O</strong> es una luminaria suspendida de perfil circular. Una luminaria versátil en cuanto a diámetros disponibles. Incorpora un motor de luz con una elevada eficacia luminosa global de entre 106 y 131 lm/W.</p>
<p>Con LEDs de alto índice de reproducción cromática (Ra&gt;80) y larga vida útil (&gt;50.000h), con diferentes temperaturas de color disponibles.</p>
