{"id":12755,"date":"2014-12-09T16:54:43","date_gmt":"2014-12-09T16:54:43","guid":{"rendered":"https:\/\/lightenjin.pt\/?post_type=portfolio&#038;p=12755"},"modified":"2023-08-09T16:55:55","modified_gmt":"2023-08-09T16:55:55","slug":"metro-do-porto","status":"publish","type":"portfolio","link":"https:\/\/lightenjin.pt\/fr\/po_obras\/metro-do-porto\/","title":{"rendered":"Metro do Porto"},"content":{"rendered":"\t\t<div data-elementor-type=\"wp-post\" data-elementor-id=\"12755\" class=\"elementor elementor-12755\">\n\t\t\t\t<div class=\"elementor-element elementor-element-7de31259 e-flex e-con-boxed e-con e-parent\" data-id=\"7de31259\" data-element_type=\"container\" data-e-type=\"container\">\r\n\t\t\t\t\t<div class=\"e-con-inner\">\r\n\t\t<div class=\"elementor-element elementor-element-581c054c e-con-full e-flex e-con e-parent\" data-id=\"581c054c\" data-element_type=\"container\" data-e-type=\"container\">\r\n\t\t\t\t<div class=\"elementor-element elementor-element-3a11f99a elementor-widget elementor-widget-text-editor\" data-id=\"3a11f99a\" data-element_type=\"widget\" data-e-type=\"widget\" data-widget_type=\"text-editor.default\">\n\t\t\t\t<div class=\"elementor-widget-container\">\n\t\t\t\t\t\t\t\t\t<p>Sistema de transportes p\u00fablicos da \u00c1rea metropolitana do Porto, consiste numa rede ferrovi\u00e1ria electrificada da area subterr\u00e2nea no centro do Porto e \u00e0 superf\u00edcie da periferia. Composta por 6 linhas metropolitanas (distribu\u00eddas por sete concelhos: Porto, Maia, Matosinhos, P\u00f3voa de Varzim, Vila do Conde, Vila Nova de Gaia e Gondomar) e uma linha de funicular, o Funicular de Guindais, num total de 81 esta\u00e7\u00f5es, numa extens\u00e3o de 70 km.<\/p><p>\u00a0<\/p>\t\t\t\t\t\t\t\t<\/div>\n\t\t\t\t<\/div>\n\t\t\t\t<\/div>\n\t\t\t\t\t<\/div>\n\t\t\t\t<\/div>\n\t\t\t\t<\/div>\n\t\t","protected":false},"excerpt":{"rendered":"<p>Sistema de transportes p\u00fablicos da \u00c1rea metropolitana do Porto, consiste numa rede ferrovi\u00e1ria electrificada da area subterr\u00e2nea no centro do Porto e \u00e0 superf\u00edcie da periferia. Composta por 6 linhas metropolitanas (distribu\u00eddas por sete concelhos: Porto, Maia, Matosinhos, P\u00f3voa de Varzim, Vila do Conde, Vila Nova de Gaia e Gondomar) e uma linha de funicular, [&hellip;]<\/p>\n","protected":false},"featured_media":12756,"comment_status":"closed","ping_status":"closed","template":"","meta":{"footnotes":""},"portfolio_cat":[453],"portfolio_skills":[455],"class_list":["post-12755","portfolio","type-portfolio","status-publish","has-post-thumbnail","hentry","portfolio_cat-transportes","portfolio_skills-metro"],"_links":{"self":[{"href":"https:\/\/lightenjin.pt\/fr\/wp-json\/wp\/v2\/portfolio\/12755","targetHints":{"allow":["GET"]}}],"collection":[{"href":"https:\/\/lightenjin.pt\/fr\/wp-json\/wp\/v2\/portfolio"}],"about":[{"href":"https:\/\/lightenjin.pt\/fr\/wp-json\/wp\/v2\/types\/portfolio"}],"replies":[{"embeddable":true,"href":"https:\/\/lightenjin.pt\/fr\/wp-json\/wp\/v2\/comments?post=12755"}],"version-history":[{"count":4,"href":"https:\/\/lightenjin.pt\/fr\/wp-json\/wp\/v2\/portfolio\/12755\/revisions"}],"predecessor-version":[{"id":12762,"href":"https:\/\/lightenjin.pt\/fr\/wp-json\/wp\/v2\/portfolio\/12755\/revisions\/12762"}],"wp:featuredmedia":[{"embeddable":true,"href":"https:\/\/lightenjin.pt\/fr\/wp-json\/wp\/v2\/media\/12756"}],"wp:attachment":[{"href":"https:\/\/lightenjin.pt\/fr\/wp-json\/wp\/v2\/media?parent=12755"}],"wp:term":[{"taxonomy":"portfolio_cat","embeddable":true,"href":"https:\/\/lightenjin.pt\/fr\/wp-json\/wp\/v2\/portfolio_cat?post=12755"},{"taxonomy":"portfolio_skills","embeddable":true,"href":"https:\/\/lightenjin.pt\/fr\/wp-json\/wp\/v2\/portfolio_skills?post=12755"}],"curies":[{"name":"wp","href":"https:\/\/api.w.org\/{rel}","templated":true}]}}

<div data-elementor-type="wp-post" data-elementor-id="12755" class="elementor elementor-12755">
				<div class="elementor-element elementor-element-7de31259 e-flex e-con-boxed e-con e-parent" data-id="7de31259" data-element_type="container" data-e-type="container">
					<div class="e-con-inner">
		<div class="elementor-element elementor-element-581c054c e-con-full e-flex e-con e-parent" data-id="581c054c" data-element_type="container" data-e-type="container">
				<div class="elementor-element elementor-element-3a11f99a elementor-widget elementor-widget-text-editor" data-id="3a11f99a" data-element_type="widget" data-e-type="widget" data-widget_type="text-editor.default">
				<div class="elementor-widget-container">
									<p>Sistema de transportes públicos da Área metropolitana do Porto, consiste numa rede ferroviária electrificada da area subterrânea no centro do Porto e à superfície da periferia. Composta por 6 linhas metropolitanas (distribuídas por sete concelhos: Porto, Maia, Matosinhos, Póvoa de Varzim, Vila do Conde, Vila Nova de Gaia e Gondomar) e uma linha de funicular, o Funicular de Guindais, num total de 81 estações, numa extensão de 70 km.</p><p> </p>								</div>
				</div>
				</div>
					</div>
				</div>
				</div>

<p>Sistema de transportes públicos da Área metropolitana do Porto, consiste numa rede ferroviária electrificada da area subterrânea no centro do Porto e à superfície da periferia. Composta por 6 linhas metropolitanas (distribuídas por sete concelhos: Porto, Maia, Matosinhos, Póvoa de Varzim, Vila do Conde, Vila Nova de Gaia e Gondomar) e uma linha de funicular, [&hellip;]</p>
