{"id":15673,"date":"2016-08-10T00:00:00","date_gmt":"2016-08-09T23:00:00","guid":{"rendered":"https:\/\/lightenjin.pt\/product\/ligna\/"},"modified":"2025-01-22T11:07:37","modified_gmt":"2025-01-22T11:07:37","slug":"ligna","status":"publish","type":"product","link":"https:\/\/lightenjin.pt\/fr\/produit\/ligna\/","title":{"rendered":"LIGNA"},"content":{"rendered":"<ul>\n<li>\u00c9clairage d\u00e9coratif ;<\/li>\n<li>Application de suspension ;<\/li>\n<li>Corps en bois de ch\u00eane ;<\/li>\n<li>Abat-jour en aluminium laqu\u00e9 ;<\/li>\n<li>Support d&rsquo;ampoule E27 ;<\/li>\n<li>Nous recommandons une ampoule LED d&rsquo;une puissance maximale de 14W ;<\/li>\n<li>Diff\u00e9rentes finitions et couleurs disponibles (sur demande) ;<\/li>\n<\/ul>\n<hr \/>\n<p><strong>DOWNLOADS<\/strong><\/p>\n<ul>\n<li>FICHE TECHNIQUE : <a href=\"https:\/\/lightenjin.pt\/pdfs\/ft\/ft-ligna-fr.pdf\" target=\"_blank\" rel=\"noopener\">link<\/a><\/li>\n<li>INSTRUCTIONS DE MONTAGE :\u00a0 <a href=\"https:\/\/lightenjin.pt\/pdfs\/im\/im-ligna.pdf\" target=\"_blank\" rel=\"noopener\">link<\/a><\/li>\n<li>D\u00c9CLARATION DE CONFORMIT\u00c9 : <a href=\"https:\/\/lightenjin.pt\/pdfs\/dc\/dc-ligna.pdf\" target=\"_blank\" rel=\"noopener\">link<\/a><\/li>\n<\/ul>\n","protected":false},"excerpt":{"rendered":"<p><strong>LIGNA <\/strong>est un luminaire suspendu, adapt\u00e9 \u00e0 l&rsquo;\u00e9clairage d\u00e9coratif, avec diff\u00e9rentes finitions et couleurs. Le bois est utilis\u00e9 dans la construction pour cr\u00e9er une plus grande adaptation et interaction de l&rsquo;objet dans les espaces qui int\u00e8grent cet \u00e9l\u00e9ment naturel.<\/p>\n<p>Simple et pratique \u00e0 utiliser, il accepte les ampoules E27.<\/p>\n","protected":false},"featured_media":8724,"template":"","meta":{"iawp_total_views":53},"product_brand":[],"product_cat":[103,108,366,107],"product_tag":[368,371,370,369],"class_list":{"0":"post-15673","1":"product","2":"type-product","3":"status-publish","4":"has-post-thumbnail","6":"product_cat-gamme-euluce","7":"product_cat-interieur","8":"product_cat-saillant","9":"product_cat-suspendu","10":"product_tag-commerce-fr","11":"product_tag-culture-fr","12":"product_tag-lhotellerie","13":"product_tag-residence-fr","15":"first","16":"instock","17":"shipping-taxable","18":"product-type-simple"},"_links":{"self":[{"href":"https:\/\/lightenjin.pt\/fr\/wp-json\/wp\/v2\/product\/15673","targetHints":{"allow":["GET"]}}],"collection":[{"href":"https:\/\/lightenjin.pt\/fr\/wp-json\/wp\/v2\/product"}],"about":[{"href":"https:\/\/lightenjin.pt\/fr\/wp-json\/wp\/v2\/types\/product"}],"version-history":[{"count":3,"href":"https:\/\/lightenjin.pt\/fr\/wp-json\/wp\/v2\/product\/15673\/revisions"}],"predecessor-version":[{"id":23085,"href":"https:\/\/lightenjin.pt\/fr\/wp-json\/wp\/v2\/product\/15673\/revisions\/23085"}],"wp:featuredmedia":[{"embeddable":true,"href":"https:\/\/lightenjin.pt\/fr\/wp-json\/wp\/v2\/media\/8724"}],"wp:attachment":[{"href":"https:\/\/lightenjin.pt\/fr\/wp-json\/wp\/v2\/media?parent=15673"}],"wp:term":[{"taxonomy":"product_brand","embeddable":true,"href":"https:\/\/lightenjin.pt\/fr\/wp-json\/wp\/v2\/product_brand?post=15673"},{"taxonomy":"product_cat","embeddable":true,"href":"https:\/\/lightenjin.pt\/fr\/wp-json\/wp\/v2\/product_cat?post=15673"},{"taxonomy":"product_tag","embeddable":true,"href":"https:\/\/lightenjin.pt\/fr\/wp-json\/wp\/v2\/product_tag?post=15673"}],"curies":[{"name":"wp","href":"https:\/\/api.w.org\/{rel}","templated":true}]}}

<ul>
<li>Éclairage décoratif ;</li>
<li>Application de suspension ;</li>
<li>Corps en bois de chêne ;</li>
<li>Abat-jour en aluminium laqué ;</li>
<li>Support d&rsquo;ampoule E27 ;</li>
<li>Nous recommandons une ampoule LED d&rsquo;une puissance maximale de 14W ;</li>
<li>Différentes finitions et couleurs disponibles (sur demande) ;</li>
</ul>
<hr />
<p><strong>DOWNLOADS</strong></p>
<ul>
<li>FICHE TECHNIQUE : <a href="https://lightenjin.pt/pdfs/ft/ft-ligna-fr.pdf" target="_blank" rel="noopener">link</a></li>
<li>INSTRUCTIONS DE MONTAGE :  <a href="https://lightenjin.pt/pdfs/im/im-ligna.pdf" target="_blank" rel="noopener">link</a></li>
<li>DÉCLARATION DE CONFORMITÉ : <a href="https://lightenjin.pt/pdfs/dc/dc-ligna.pdf" target="_blank" rel="noopener">link</a></li>
</ul>

<p><strong>LIGNA </strong>est un luminaire suspendu, adapté à l&rsquo;éclairage décoratif, avec différentes finitions et couleurs. Le bois est utilisé dans la construction pour créer une plus grande adaptation et interaction de l&rsquo;objet dans les espaces qui intègrent cet élément naturel.</p>
<p>Simple et pratique à utiliser, il accepte les ampoules E27.</p>
