{"id":22761,"date":"2017-04-28T00:00:00","date_gmt":"2017-04-27T23:00:00","guid":{"rendered":"https:\/\/lightenjin.pt\/?post_type=product&#038;p=22761"},"modified":"2025-07-18T16:47:43","modified_gmt":"2025-07-18T15:47:43","slug":"elementare-q-90","status":"publish","type":"product","link":"https:\/\/lightenjin.pt\/fr\/produit\/elementare-q-90\/","title":{"rendered":"ELEMENTARE Q 90"},"content":{"rendered":"<ul>\n<li>\u00c9clairage <em>downlight ;<\/em><\/li>\n<li>Application encastr\u00e9e;<\/li>\n<li>Corps en t\u00f4le d&rsquo;acier poli laqu\u00e9 \u00e0 la couleur;<\/li>\n<li>Diffuseur transparent en polycarbonate ;<\/li>\n<li>Dur\u00e9e de vie de la LED (&gt;50 000h) ;<\/li>\n<li>Diff\u00e9rentes temp\u00e9ratures de couleur disponibles;<\/li>\n<li>Indice de rendu des couleurs \u00e9lev\u00e9 (Ra&gt;80);<\/li>\n<li>Solution d&rsquo;\u00e9clairage \u00e0 faible empreinte \u00e9cologique ;<\/li>\n<\/ul>\n<p>&nbsp;<\/p>\n<hr>\n<h4>T\u00c9L\u00c9CHARGEMENTS<\/h4>\n<ul>\n<li>FICHE TECHIQUE : <a href=\"https:\/\/lightenjin.pt\/pdfs\/ft\/ft-elementare-q-90-fr.pdf\" target=\"_blank\" rel=\"noopener\">link<\/a><\/li>\n<li>INSTRUCTIONS DE MONTAGE :<a href=\"https:\/\/lightenjin.pt\/pdfs\/im\/im-elementare-q-90.pdf\" target=\"_blank\" rel=\"noopener\">link<\/a><\/li>\n<li>D\u00c9CLARATION DE CONFORMIT\u00c9 : <a href=\"https:\/\/lightenjin.pt\/pdfs\/dc\/dc-elementare-q.pdf\" target=\"_blank\" rel=\"noopener\">link<\/a><\/li>\n<li>PHOTOM\u00c9TRIQUE LDT : <a href=\"https:\/\/lightenjin.pt\/pdfs\/ldt\/elementare-q-90.zip\">link<\/a><\/li>\n<\/ul>\n","protected":false},"excerpt":{"rendered":"<p>La gamme<strong> ELEMENTARE Q<\/strong>, de forme carr\u00e9e, est une solution id\u00e9ale pour l&rsquo;\u00e9clairage g\u00e9n\u00e9ral des espaces commerciaux et r\u00e9sidentiels. Solution d&rsquo;\u00e9clairage \u00e0 faible empreinte \u00e9cologique. <\/p>\n<p>Avec des LED ayant un indice de rendu des couleurs \u00e9lev\u00e9 (Ra&gt;80) et une longue dur\u00e9e de vie (&gt;50 000h), avec diff\u00e9rentes temp\u00e9ratures de couleur disponibles.<\/p>\n","protected":false},"featured_media":9163,"template":"","meta":{"iawp_total_views":9},"product_brand":[],"product_cat":[524,435,103,108],"product_tag":[543,368,371,370,369],"class_list":{"0":"post-22761","1":"product","2":"type-product","3":"status-publish","4":"has-post-thumbnail","6":"product_cat-downlights-fr","7":"product_cat-encastre","8":"product_cat-gamme-euluce","9":"product_cat-interieur","10":"product_tag-bureaux","11":"product_tag-commerce-fr","12":"product_tag-culture-fr","13":"product_tag-lhotellerie","14":"product_tag-residence-fr","16":"first","17":"instock","18":"shipping-taxable","19":"product-type-simple"},"_links":{"self":[{"href":"https:\/\/lightenjin.pt\/fr\/wp-json\/wp\/v2\/product\/22761","targetHints":{"allow":["GET"]}}],"collection":[{"href":"https:\/\/lightenjin.pt\/fr\/wp-json\/wp\/v2\/product"}],"about":[{"href":"https:\/\/lightenjin.pt\/fr\/wp-json\/wp\/v2\/types\/product"}],"version-history":[{"count":3,"href":"https:\/\/lightenjin.pt\/fr\/wp-json\/wp\/v2\/product\/22761\/revisions"}],"predecessor-version":[{"id":25601,"href":"https:\/\/lightenjin.pt\/fr\/wp-json\/wp\/v2\/product\/22761\/revisions\/25601"}],"wp:featuredmedia":[{"embeddable":true,"href":"https:\/\/lightenjin.pt\/fr\/wp-json\/wp\/v2\/media\/9163"}],"wp:attachment":[{"href":"https:\/\/lightenjin.pt\/fr\/wp-json\/wp\/v2\/media?parent=22761"}],"wp:term":[{"taxonomy":"product_brand","embeddable":true,"href":"https:\/\/lightenjin.pt\/fr\/wp-json\/wp\/v2\/product_brand?post=22761"},{"taxonomy":"product_cat","embeddable":true,"href":"https:\/\/lightenjin.pt\/fr\/wp-json\/wp\/v2\/product_cat?post=22761"},{"taxonomy":"product_tag","embeddable":true,"href":"https:\/\/lightenjin.pt\/fr\/wp-json\/wp\/v2\/product_tag?post=22761"}],"curies":[{"name":"wp","href":"https:\/\/api.w.org\/{rel}","templated":true}]}}

<ul>
<li>Éclairage <em>downlight ;</em></li>
<li>Application encastrée;</li>
<li>Corps en tôle d&rsquo;acier poli laqué à la couleur;</li>
<li>Diffuseur transparent en polycarbonate ;</li>
<li>Durée de vie de la LED (&gt;50 000h) ;</li>
<li>Différentes températures de couleur disponibles;</li>
<li>Indice de rendu des couleurs élevé (Ra&gt;80);</li>
<li>Solution d&rsquo;éclairage à faible empreinte écologique ;</li>
</ul>
<p>&nbsp;</p>
<hr>
<h4>TÉLÉCHARGEMENTS</h4>
<ul>
<li>FICHE TECHIQUE : <a href="https://lightenjin.pt/pdfs/ft/ft-elementare-q-90-fr.pdf" target="_blank" rel="noopener">link</a></li>
<li>INSTRUCTIONS DE MONTAGE :<a href="https://lightenjin.pt/pdfs/im/im-elementare-q-90.pdf" target="_blank" rel="noopener">link</a></li>
<li>DÉCLARATION DE CONFORMITÉ : <a href="https://lightenjin.pt/pdfs/dc/dc-elementare-q.pdf" target="_blank" rel="noopener">link</a></li>
<li>PHOTOMÉTRIQUE LDT : <a href="https://lightenjin.pt/pdfs/ldt/elementare-q-90.zip">link</a></li>
</ul>

<p>La gamme<strong> ELEMENTARE Q</strong>, de forme carrée, est une solution idéale pour l&rsquo;éclairage général des espaces commerciaux et résidentiels. Solution d&rsquo;éclairage à faible empreinte écologique. </p>
<p>Avec des LED ayant un indice de rendu des couleurs élevé (Ra&gt;80) et une longue durée de vie (&gt;50 000h), avec différentes températures de couleur disponibles.</p>
